5*c(y). Calculate r(-3).
-25
Let v(m) = -4 + 3*m - 22 + 8. Let d = 111438 + -111433. What is v(d)?
-3
Let a be (7 + -2)*20/25. Suppose -4*v + 0*r - 31 = -3*r, 2*v = a*r - 8. Let k be 1/(44/168) - v/55. Let q(u) = -3*u + 5. Calculate q(k).
-7
Let z(x) = 7*x - 10. Let l(t) = -12*t + 16. Let n(f) = -6*f + 56. Let i be n(11). Let m(j) = i*z(j) - 6*l(j). Calculate m(-5).
-6
Suppose -3*g - m - 35 = -31, -g = m. Let d(l) = -l**3 - l**2 - 2*l - 2. Determine d(g).
6
Let c(d) = 11*d**2 + 9*d - 23. Let b(o) = -7*o**2 - 6*o + 15. Let w(t) = -8*b(t) - 5*c(t). Suppose -j = 17*j + 72. What is w(j)?
-1
Let o(q) = 9*q. Let i = -914 - -651. Let t = -261 - i. Give o(t).
18
Let n = -173 + 174. Let t(f) = n + 9 - 2 + 0 + 1 - f**2 + 10*f. Calculate t(11).
-2
Let l(b) = 6*b**2 + 12*b**3 + 0*b**3 - 32 - 2*b**3 - 8*b**3 - 2*b + 22*b**2. Give l(-14).
-4
Let h(b) be the first derivative of b**4/12 - b**3/3 - 37*b**2/2 + 104. Let t(i) be the second derivative of h(i). Determine t(2).
2
Let s(x) = -3*x - 2 - 5 + 11 + 1. Suppose 2 + 17 = 4*u - f, 28 = 5*u + 3*f. What is s(u)?
-10
Let a(c) be the third derivative of 0 - 5/3*c**3 - 1/12*c**4 - 21*c**2 + 0*c. Suppose -9*z = -7*z + 18. Calculate a(z).
8
Let a(h) = 326*h + 1 - 2*h**2 - 332*h - 3. Let j = -69 - -64. What is a(j)?
-22
Let s(j) = -2*j**2 - 7*j + 9. Let k(h) = -7*h - 495. Let r be k(-70). Determine s(r).
-6
Suppose -1 - 14 = -3*f. Suppose -3*m + 2*m - 5 = 2*q, f*m = -q + 20. Let n(t) = -10*t**3 + 2 + 5*t**2 + t + 1 + 11*t**3. Give n(q).
-2
Let x(r) = 27*r + 162. Let s be x(15). Suppose -4*g + s = 523. Let n(j) = -1 - 11*j - 1 - 3 + j**2. Calculate n(g).
-5
Let h(k) be the first derivative of k**6/120 - k**4/24 - 24*k**2 - 187. Let z(b) be the second derivative of h(b). Calculate z(1).
0
Suppose 8*h - 7*h - 124 = -4*z, -3*h = 4*z - 116. Let d be 6/(-4) + (-16)/z. Let x(u) = -8*u - 3. Give x(d).
13
Let y be 5/10 + 18*3/4. Suppose -y*i = 7*i + 21. Let s(b) = -3*b - 1. What is s(i)?
2
Let n = -23033 + 23037. Let x(y) be the first derivative of 3 + y - 1/2*y**2 - 1/2*y**n + 0*y**3. Give x(1).
-2
Let x = -2246 - -2255. Let z(j) = j**3 - 10*j**2 + 11*j - 18. Give z(x).
0
Let t be (4/1)/((-212)/(-17013)). Let b = 342 - t. Let l(i) = -i**2 + 23*i - 38. Give l(b).
4
Let m = -100 + 102. Let n(q) = q**2 - 6*q - 4. Let b be n(7). Let j(i) = 2*i - b + 7*i - 5*i. Give j(m).
5
Let z(k) = 5*k + 10 - 7 - k**2 - 1. Let d(b) = -b**2 + 2354 + 7*b - b**2 - 2345. Let l be d(4). Calculate z(l).
2
Let u(p) = -2*p. Let k(b) = -1. Let x(y) = 2*k(y) + u(y). Let v be (-5 - (1 - (-51)/(-6)))/(17/(-34)). Calculate x(v).
8
Let n be ((-15)/10 - -4)*-2. Let a(f) = -7*f**2 - 4*f + 2. Let m(h) = 2*h**2 + 2*h - 1. Let t(d) = a(d) + 4*m(d). Determine t(n).
3
Suppose 43*h - 42*h - 12 = -2*i, 5*i - 19 = 3*h. Let m(n) = n + n**h - 5 + 10*n**2 - 9*n**2. Calculate m(3).
16
Let h(s) = -5*s + 12 + 94 - 89 + 113 + 50. What is h(40)?
-20
Let h(g) = -8*g**2 - 2*g + 61. Let j(s) = 7*s**2 + 2*s - 56. Let d(i) = 6*h(i) + 7*j(i). What is d(-7)?
9
Let p(j) be the third derivative of -45*j**2 - 5/6*j**3 + 0 + 0*j + 5/24*j**4 + 1/60*j**5. Give p(-7).
9
Let m(x) = -38*x - 17 + 25 + 18 + x**2 + 27*x. Give m(5).
-4
Let q(p) be the first derivative of -p**2/2 - 24*p + 1059. Calculate q(-10).
-14
Suppose 0 = -3*k + 6 - 0. Let d(y) = 10*y - k + y**2 + y**2 - y**2 - 3. Let b(q) = q**3 + 29*q**2 - 31*q - 41. Let w be b(-30). What is d(w)?
6
Suppose -n - 11 = -12. Let m(x) = -10 - n + x**2 - 34*x + 60*x - 16*x. Calculate m(-11).
0
Let c(n) = 20*n**2 + 27*n - 24. Let a(j) = 7*j**2 + 10*j - 8. Let x = 594 + -611. Let v(p) = x*a(p) + 6*c(p). What is v(8)?
-8
Let g(m) = m**2 + 12. Let b = -32 + 40. Let n be (0/(-19))/(b/(-2)). Give g(n).
12
Suppose -3*v = -19 - 5. Let h(b) = 9*b**2 + 93*b - 104*b - 2650 + 2661 - b**3. Calculate h(v).
-13
Let r(b) be the third derivative of -b**5/60 - b**4/24 - b**3/6 + b**2. Let o = 461 + -379. Suppose -o = -14*x - 12. Give r(x).
-31
Let i(g) be the first derivative of g**4/4 - 5*g**3/3 - 15*g**2/2 + 18*g + 3096. Calculate i(6).
-36
Let a be -3 - 90/25*(2/(-6) + 2). Let z(d) = 7*d + 74. Calculate z(a).
11
Let w = -72 - -132. Let i be ((-48)/w)/(1/(-15)). Let a(h) = -3 + 11*h - 11*h + 4 - i*h. Determine a(1).
-11
Let b(g) be the third derivative of 0*g**5 - 7/6*g**3 + 0 - 1/8*g**4 + 0*g + 34*g**2 - 1/120*g**6. What is b(0)?
-7
Let v be 328/10*290/116. Suppose -46 = -9*u - v. Let a(w) = w**3 + 3*w**2 - 5*w - 4. Determine a(u).
0
Let d(r) = -6*r - 58. Let w be d(-10). Let m(f) = -12 + 0*f + 37 - 5 - w*f. Give m(12).
-4
Let x(q) = 3*q**2 + 2*q - 1. Let p be 2/15 - (-10 - (-248)/60). Suppose 3*w + j = -2*w + p, w - 5*j + 4 = 0. What is x(w)?
4
Let r(a) = -2. Suppose 53 = -4*p + 57. Let c(m) = m**2 + 4*m + 7. Let b(w) = p*r(w) + c(w). Determine b(-2).
1
Let s(u) = -4*u + 96. Let w(z) = z - 10. Let p(x) = -s(x) - 12*w(x). Determine p(4).
-8
Let k(a) be the third derivative of 0*a**3 + 0 + 0*a + 1/24*a**4 + 0*a**5 + 1/120*a**6 + 45*a**2. Let x be 6/21 - (-4)/(-14). Give k(x).
0
Let v(o) = o**3 + 0*o - 6*o**2 + 6*o - 2 - 3. Suppose -31 - 41 = 59*z - 367. Determine v(z).
0
Let h = 10605 + -10614. Let y(f) = 2*f + 36. Calculate y(h).
18
Suppose -6*f + 363 = 5*f. Let a = -31 + f. Suppose -4*s + a = -6*s. Let j(n) = -10*n + 1. Give j(s).
11
Let g(b) be the first derivative of 2*b**3/3 - 13*b**2/2 - 2*b + 624. What is g(7)?
5
Let u(l) = -l**3 + 3*l**2 - 2*l - 9. Suppose 0 = -78*o + 21*o. What is u(o)?
-9
Let n(c) = 91*c + 1. Let l(f) = 32*f. Let s(t) = 11*l(t) - 4*n(t). Calculate s(-2).
20
Suppose -15*t + 800 = 5*t. Let h(q) = 31*q - 72*q + 11*q**2 + t*q. Give h(-1).
12
Let h = 15 + -9. Suppose 14 = 2*y + h. Suppose -y*l = -0*l - 16. Let b(d) = -2*d - 3. Determine b(l).
-11
Let t(a) = 432*a + 2586. Let c be t(-6). Let r(n) = 2*n**3 + 13*n**2 + 4*n - 14. Calculate r(c).
-2
Suppose 12*p - 60 = -3*p. Let x be (-15)/20 + 11/p. Let s(n) = -12*n + n + 9*n - 2 + n**x + 3*n. Calculate s(-4).
10
Let a(h) = -h**2 - 2*h - 9. Let c be a(-7). Let m(i) = 22*i - 92. Let v be m(6). Let k = v + c. Let x(f) = f**3 + 7*f**2 + 7*f + 4. What is x(k)?
24
Let l(a) = 6*a**2 + 4*a + 4. Let z be (-21)/14*(-30)/9. Let v(o) = 0*o**2 + 5*o - 2*o + 5*o**2 + 3 + o**2. Let j(d) = z*v(d) - 4*l(d). What is j(-1)?
6
Let x(s) = s**2 - 173*s + 4740. Let o be x(139). Let k(u) = -2*u**2 + 31*u - 20. Give k(o).
22
Suppose z - 24 = 6*w - 2*w, 0 = 3*w - 5*z + 18. Suppose 6*y - 9 = 3*y. Let k(l) = l**2 + 4*l + y + 3*l + 2. Determine k(w).
-1
Let r(k) be the third derivative of -k**5/120 + 3*k**4/8 - 65*k**3/6 - 30*k**2 - k. Let w(n) be the first derivative of r(n). Give w(4).
5
Let k(a) = 4*a**2 - 37*a + 10. Let g(d) = d**2 + d - 1. Let m = 56 + -55. Let p(h) = m*k(h) + g(h). Let q be p(7). Let f(t) = -6*t - 2. Give f(q).
-14
Let o(n) = 70*n + 0 + 1 + 12 - 12 - 37*n - 41*n. Let k be ((-3)/(-4))/((-2)/8). Give o(k).
25
Let y(i) = 6*i - 1. Let t be y(1). Let q = t - 2. Let r(j) = -2*j**2 - 5*j**2 - 2*j - j + q*j**2 + 6 + j**3. What is r(4)?
-6
Let s be 2/((-6)/1)*12*-1. Suppose -5*q - s*n + 3 = 0, -q + 3*n = 2*n + 3. Let u(r) = 2*r - 1. What is u(q)?
-3
Let w(u) be the second derivative of 0 + 5/3*u**3 - 3/2*u**2 - 80*u. Calculate w(1).
7
Let v(c) = -c**2 + 53*c + 349. Let j be v(59). Let q be (-7 - (j - 3))*-3. Let l(g) = g**2 + g**3 - 5*g - 2 - 2 + 2. Calculate l(q).
-5
Let y(z) = -11*z - 1715. Let q be y(-156). Let s(a) = 39*a**2 + 4*a - 2. Determine s(q).
41
Let h(f) = f**3 - 4*f**2 + 3*f - 3. Suppose 3*d + 5*g + 11 = 0, 176*g - 179*g + 3 = 5*d. Give h(d).
-3
Let x(i) = -i**2 + 5*i + 4. Suppose 44 = 10*f - 16. Suppose 0 = 2*s - f. Suppose 0 = 3*o, s*k + o + 4*o - 15 = 0. Calculate x(k).
4
Let i(p) = p**3 - 11*p**2 + 17*p + 2. Suppose -23*c + 28*c + n = 43, 0 = -3*c - 4*n + 19. Determine i(c).
-7
Let g(w) be the second derivative of 13*w**3/6 + 3*w**2/2 - 2569*w. Let f(k) = k**3 - 5*k**2 - k + 2. Let i be f(5). Determine g(i).
-36
Let m(g) = g**3 - g**2. Let z be m(1). Suppose z = 3*t + 4*r + 4 + 1, 2*t - 35 = 5*r. Suppose -t*y = 39 + 16. Let w(a) = -a**3 - 12*a**2 - 12*a - 3. Give w(y).
8
Let f(b) = b**2 + 7*b + 1. Let a = -20 + 14. Let p be f(a). Let n(r) = -1 + 1 + 1201*r**2 + 1197*r**2 + 5*r - 2397*r**2. Determine n(p).
0
Let a(w) = w**3 - 6*w**2 - 4*w - 1. Let t be (112/(-88))/(2/(-11)). Calcu